820.
2, 3, 5, 29, 2381
List the prime factors of 180561.
3, 139, 433
What are the prime factors of 773693?
773693
What are the prime factors of 11791267?
19, 179, 3467
List the prime factors of 42271.
41, 1031
What are the prime factors of 110959?
17, 61, 107
What are the prime factors of 351523?
157, 2239
What are the prime factors of 196450?
2, 5, 3929
What are the prime factors of 2072871?
3, 157, 163
List the prime factors of 2622721.
79, 33199
What are the prime factors of 188027?
7, 26861
What are the prime factors of 11486047?
79, 347, 419
What are the prime factors of 284449?
11, 19, 1361
What are the prime factors of 3359827?
19, 41, 227
List the prime factors of 33640.
2, 5, 29
List the prime factors of 4988041.
2017, 2473
What are the prime factors of 2166261?
3, 227, 3181
List the prime factors of 1402886.
2, 701443
What are the prime factors of 2784515?
5, 17, 41, 47
What are the prime factors of 1624998?
2, 3, 270833
List the prime factors of 6624328.
2, 31, 26711
What are the prime factors of 811632?
2, 3, 37, 457
List the prime factors of 2380888.
2, 359, 829
List the prime factors of 13352046.
2, 3, 61, 191
List the prime factors of 11981.
11981
List the prime factors of 6445181.
113, 57037
What are the prime factors of 12074988?
2, 3, 1006249
List the prime factors of 493085.
5, 17, 5801
List the prime factors of 2766925.
5, 7, 97, 163
What are the prime factors of 889802?
2, 444901
What are the prime factors of 1185393?
3, 11, 17, 2113
What are the prime factors of 187639?
187639
What are the prime factors of 9308623?
29, 199, 1613
What are the prime factors of 7854669?
3, 101, 8641
List the prime factors of 8864415.
3, 5, 7, 107, 263
What are the prime factors of 3058493?
3058493
List the prime factors of 264982.
2, 132491
What are the prime factors of 4442548?
2, 11, 31, 3257
List the prime factors of 2425684.
2, 317, 1913
What are the prime factors of 9321786?
2, 3, 517877
List the prime factors of 1672328.
2, 7, 29863
List the prime factors of 7725340.
2, 5, 7, 7883
List the prime factors of 8738338.
2, 7, 29, 21523
List the prime factors of 2527438.
2, 151, 8369
List the prime factors of 5028056.
2, 11, 17, 3361
List the prime factors of 14229648.
2, 3, 32939
What are the prime factors of 5463506?
2, 2731753
List the prime factors of 184491.
3, 6833
What are the prime factors of 1033491?
3, 344497
What are the prime factors of 15745063?
15745063
List the prime factors of 135587.
41, 3307
What are the prime factors of 279793?
83, 3371
List the prime factors of 3083281.
59, 52259
What are the prime factors of 108948?
2, 3, 7, 1297
What are the prime factors of 6217723?
1777, 3499
What are the prime factors of 3428489?
3428489
List the prime factors of 6244737.
3, 59, 35281
List the prime factors of 111408.
2, 3, 11, 211
What are the prime factors of 125665?
5, 41, 613
List the prime factors of 8750.
2, 5, 7
List the prime factors of 8264.
2, 1033
List the prime factors of 1253687.
137, 9151
List the prime factors of 334627.
23, 14549
What are the prime factors of 4820118?
2, 3, 227, 3539
What are the prime factors of 4907515?
5, 743, 1321
What are the prime factors of 1021153?
7, 145879
What are the prime factors of 511410?
2, 3, 5, 17047
List the prime factors of 789081.
3, 83, 3169
What are the prime factors of 15559632?
2, 3, 11, 19, 47
List the prime factors of 1384909.
1384909
What are the prime factors of 685181?
7, 97883
List the prime factors of 8069409.
3, 53, 5639
List the prime factors of 700616.
2, 7, 12511
What are the prime factors of 44235?
3, 5, 983
What are the prime factors of 632458?
2, 463, 683
List the prime factors of 27858930.
2, 3, 5, 11, 84421
What are the prime factors of 870734?
2, 23, 823
List the prime factors of 2843774.
2, 173, 8219
List the prime factors of 330153.
3, 110051
What are the prime factors of 366956?
2, 199, 461
List the prime factors of 458603.
19, 24137
What are the prime factors of 191330?
2, 5, 19, 53
List the prime factors of 3790044.
2, 3, 19, 1847
List the prime factors of 914968.
2, 114371
What are the prime factors of 11133659?
61, 182519
List the prime factors of 11249906.
2, 5624953
List the prime factors of 6587367.
3, 97, 22637
What are the prime factors of 38997?
3, 7, 619
List the prime factors of 5767315.
5, 1153463
What are the prime factors of 948721?
948721
What are the prime factors of 5400104?
2, 19, 35527
What are the prime factors of 277641?
3, 7, 13, 113
What are the prime factors of 221139?
3, 24571
What are the prime factors of 446712?
2, 3, 7, 2659
What are the prime factors of 767064?
2, 3, 31, 1031
List the prime factors of 4155220.
2, 5, 373, 557
What are the prime factors of 852115?
5, 11, 15493
List the prime factors of 2938764.
2, 3, 244897
What are the prime factors of 170027?
11, 13, 29, 41
List the prime factors of 141249.
3, 197, 239
What are the prime factors of 75156?
2, 3, 6263
What are the prime factors of 1592122?
2, 7, 113723
List the prime factors of 603184.
2, 37699
What are the prime factors of 3330017?
251, 13267
List the prime factors of 1146938.
2, 13, 31, 1423
What are the prime factors of 2996143?
53, 56531
What are the prime factors of 278793?
3, 30977
List the prime factors of 20994.
2, 3, 3499
List the prime factors of 810508.
2, 202627
List the prime factors of 822072.
2, 3, 34253
List the prime factors of 10729150.
2, 5, 59, 3637
What are the prime factors of 7284332?
2, 11, 165553
List the prime factors of 104611.
13, 619
List the prime factors of 2700380.
2, 5, 135019
List the prime factors of 11886869.
2791, 4259
List the prime factors of 3051595.
5, 293, 2083
What are the prime factors of 905644?
2, 373, 607
List the prime factors of 412112.
2, 43, 599
What are the prime factors of 1251089?
7, 29, 6163
List the prime factors of 7880311.
563, 13997
What are the prime factors of 6075565?
5, 23, 2297
What are the prime factors of 115845?
3, 5, 7723
List the prime factors of 213641.
213641
What are the prime factors of 203588?
2, 7, 11, 661
List the prime factors of 153742.
2, 76871
What are the prime factors of 204523?
11, 18593
List the prime factors of 410856.
2, 3, 17, 19, 53
List the prime factors of 620929.
620929
List the prime factors of 3592.
2, 449
List the prime factors of 235042.
2, 17, 31, 223
What are the prime factors of 3639122?
2, 17, 107033
What are the prime factors of 641042?
2, 320521
What are the prime factors of 7380083?
7380083
List the prime factors of 1978555.
5, 79, 5009
List the prime factors of 603643.
41, 14723
What are the prime factors of 1865076?
2, 3, 155423
List the prime factors of 274348.
2, 107, 641
List the prime factors of 2626655.
5, 19, 43, 643
What are the prime factors of 7033885?
5, 37, 193, 197
What are the prime factors of 157723?
109, 1447
What are the prime factors of 2368181?
2368181
List the prime factors of 8077218.
2, 3, 59, 22817
List the prime factors of 198448.
2, 79, 157
What are the prime factors of 989574?
2, 3, 131, 1259
What are the prime factors of 148195?
5, 107, 277
List the prime factors of 35426394.
2, 3, 23, 85571
What are the prime factors of 622191?
3, 157, 1321
List the prime factors of 513480.
2, 3, 5, 11, 389
What are the prime factors of 2852760?
2, 3, 5, 23773
List the prime factors of 4754929.
4754929
What are the prime factors of 100784?
2, 6299
What are the prime factors of 22315749?
3, 449, 16567
What are the prime factors of 6019895?
5, 7, 24571
List the prime factors of 1228196.
2, 41, 7489
What are the prime factors of 23540353?
2129, 11057
What are the prime factors of 2270417?
191, 11887
What are the prime factors of 35223036?
2, 3, 19, 154487
List the prime factors of 867235.
5, 107, 1621
What are the prime factors of 8770585?
5, 73, 24029
List the prime factors of 616885.
5, 123377
List the prime factors of 163888.
2, 10243
What are the prime factors of 422367?
3, 11, 12799
List the prime factors of 154747.
154747
List the prime factors of 285313.
7, 40759
What are the prime factors of 8743895?
5, 19, 92041
List the prime factors of 570048.
2, 3, 2969
What are the prime factors of 124693?
124693
What are the prime factors of 3793517?
7, 13, 41687
What are the prime factors of 1546430?
2, 5, 154643
List the prime factors of 1538160.
2, 